

{"id":93116,"date":"2024-05-16T10:11:17","date_gmt":"2024-05-16T10:11:17","guid":{"rendered":"https:\/\/new.aavesa.com\/rolunk\/"},"modified":"2025-11-17T06:26:19","modified_gmt":"2025-11-17T06:26:19","slug":"rolunk","status":"publish","type":"page","link":"https:\/\/aavesa.com\/hu\/rolunk\/","title":{"rendered":"R\u00f3lunk"},"content":{"rendered":"\t\t<div data-elementor-type=\"wp-page\" data-elementor-id=\"93116\" class=\"elementor elementor-93116 elementor-523\" data-elementor-post-type=\"page\">\n\t\t\t\t<div class=\"elementor-element elementor-element-04c7a0d e-flex e-con-boxed e-con e-parent\" data-id=\"04c7a0d\" data-element_type=\"container\">\n\t\t\t\t\t<div class=\"e-con-inner\">\n\t\t\t\t<div class=\"elementor-element elementor-element-01d83f8 elementor-widget elementor-widget-heading\" data-id=\"01d83f8\" data-element_type=\"widget\" data-widget_type=\"heading.default\">\n\t\t\t\t<div class=\"elementor-widget-container\">\n\t\t\t\t\t<h1 class=\"elementor-heading-title elementor-size-default\">A&amp;A Vesa sz\u0151rme\u00fczem<\/h1>\t\t\t\t<\/div>\n\t\t\t\t<\/div>\n\t\t\t\t<div class=\"elementor-element elementor-element-60b9b78 elementor-widget elementor-widget-heading\" data-id=\"60b9b78\" data-element_type=\"widget\" data-widget_type=\"heading.default\">\n\t\t\t\t<div class=\"elementor-widget-container\">\n\t\t\t\t\t<p class=\"elementor-heading-title elementor-size-default\">Az A&amp;A Vesa Shearling Factory 1994-ben alakult kereskedelmi v\u00e1llalkoz\u00e1sk\u00e9nt, fokozatosan k\u00edn\u00e1lva \u00e9s b\u0151v\u00edtve a sz\u0151rme ruh\u00e1zat, ny\u00edrbund\u00e1k \u00e9s kieg\u00e9sz\u00edt\u0151k v\u00e1laszt\u00e9k\u00e1t, t\u00f6bb ezer v\u00e1s\u00e1rl\u00f3t k\u00e9nyeztetve Rom\u00e1ni\u00e1ban \u00e9s k\u00fclf\u00f6ld\u00f6n egyar\u00e1nt. A gy\u00e1r saj\u00e1t cserz\u0151m\u0171hellyel rendelkezik, melynek kapacit\u00e1sa napi 500 db b\u0151r, ami havi 300 db ruhadarab gy\u00e1rt\u00e1s\u00e1t teszi lehet\u0151v\u00e9. <\/p>\t\t\t\t<\/div>\n\t\t\t\t<\/div>\n\t\t\t\t<div class=\"elementor-element elementor-element-7a7d2ed elementor-widget elementor-widget-heading\" data-id=\"7a7d2ed\" data-element_type=\"widget\" data-widget_type=\"heading.default\">\n\t\t\t\t<div class=\"elementor-widget-container\">\n\t\t\t\t\t<p class=\"elementor-heading-title elementor-size-default\">1994-es alap\u00edt\u00e1sa \u00f3ta az A&amp;A Vesa mind n\u0151ies, mind f\u00e9rfias diz\u00e1jnjaival kit\u0171nt.<\/p>\t\t\t\t<\/div>\n\t\t\t\t<\/div>\n\t\t\t\t<div class=\"elementor-element elementor-element-2b32f8b elementor-widget elementor-widget-heading\" data-id=\"2b32f8b\" data-element_type=\"widget\" data-widget_type=\"heading.default\">\n\t\t\t\t<div class=\"elementor-widget-container\">\n\t\t\t\t\t<p class=\"elementor-heading-title elementor-size-default\">Annak ellen\u00e9re, hogy a sz\u0151rme ruh\u00e1zatot \u00e1ltal\u00e1ban ig\u00e9nyesnek tartj\u00e1k, siker\u00fclt \u00f6tv\u00f6zni az eleganci\u00e1t a hasznoss\u00e1ggal, alkalmi \u00e9s eleg\u00e1ns darabokat l\u00e9trehozva a sz\u00ednek sz\u00e9les sk\u00e1l\u00e1j\u00e1n, a legmagasabb min\u0151s\u00e9gi szabv\u00e1nyok szerint elk\u00e9sz\u00edtve. Tervez\u0151ink \u00e9s professzion\u00e1lis csapatunk sok\u00e9ves tapasztalattal, szenved\u00e9llyel \u00e9s tehets\u00e9ggel, egyedi tervez\u00e9s\u0171 sz\u0151rme ruh\u00e1kat k\u00e9sz\u00edt, amelyeket az elegancia, a kifinomults\u00e1g \u00e9s a j\u00f3 \u00edzl\u00e9s jellemez. Term\u00e9kk\u00edn\u00e1latunk sz\u00e9lesk\u00f6r\u0171, sz\u00e1mos darabot k\u00edn\u00e1l: kab\u00e1tok, mell\u00e9nyek, s\u00e1lak, keszty\u0171k, papucsok, gall\u00e9rok, sapk\u00e1k \u00e9s k\u00f6penyek, amelyek mindegyike 100%-ban term\u00e9szetes sz\u0151rm\u00e9kb\u0151l k\u00e9sz\u00fcl: merin\u00f3 b\u00e1r\u00e1nyb\u0151r, sarki r\u00f3ka sz\u0151rme, v\u00f6r\u00f6s r\u00f3ka sz\u0151rme, mos\u00f3medve sz\u0151rme vagy nerc sz\u0151rme.  <\/p>\t\t\t\t<\/div>\n\t\t\t\t<\/div>\n\t\t\t\t<div class=\"elementor-element elementor-element-c9e8c29 elementor-widget elementor-widget-heading\" data-id=\"c9e8c29\" data-element_type=\"widget\" data-widget_type=\"heading.default\">\n\t\t\t\t<div class=\"elementor-widget-container\">\n\t\t\t\t\t<p class=\"elementor-heading-title elementor-size-default\">Az \u00e1ltalunk forgalmazott term\u00e9kek Rom\u00e1ni\u00e1b\u00f3l \u00e9s az Eur\u00f3pai Uni\u00f3b\u00f3l sz\u00e1rmaz\u00f3 term\u00e9szetes sz\u0151rm\u00e9b\u0151l k\u00e9sz\u00fclnek, \u00e9s nem haszn\u00e1lunk vesz\u00e9lyeztetett \u00e1llatfajokt\u00f3l sz\u00e1rmaz\u00f3 sz\u0151rm\u00e9t.<\/p>\t\t\t\t<\/div>\n\t\t\t\t<\/div>\n\t\t\t\t<div class=\"elementor-element elementor-element-a3c2154 elementor-widget elementor-widget-heading\" data-id=\"a3c2154\" data-element_type=\"widget\" data-widget_type=\"heading.default\">\n\t\t\t\t<div class=\"elementor-widget-container\">\n\t\t\t\t\t<p class=\"elementor-heading-title elementor-size-default\">Az A&amp;A Vesa term\u00e9keket a divat szezonalit\u00e1s\u00e1t\u00f3l f\u00fcggetlen\u00fcl kifinomults\u00e1gukr\u00f3l, hiteless\u00e9g\u00fckr\u0151l \u00e9s id\u0151tlen eleganci\u00e1jukr\u00f3l ismerik el. A kiv\u00e9teles szak\u00e9rtelemmel \u00e9s szenved\u00e9llyel k\u00e9sz\u00edtett term\u00e9keket a rom\u00e1niai Aradon, Bukarestben, Gala\u021biban \u00e9s Temesv\u00e1ron tal\u00e1lhat\u00f3 \u00fczleteinkben csod\u00e1lhatja meg. <\/p>\t\t\t\t<\/div>\n\t\t\t\t<\/div>\n\t\t\t\t\t<\/div>\n\t\t\t\t<\/div>\n\t\t\t\t<\/div>\n\t\t","protected":false},"excerpt":{"rendered":"<p>A&amp;A Vesa sz\u0151rme\u00fczem Az A&amp;A Vesa Shearling Factory 1994-ben alakult kereskedelmi v\u00e1llalkoz\u00e1sk\u00e9nt, fokozatosan k\u00edn\u00e1lva \u00e9s b\u0151v\u00edtve a sz\u0151rme ruh\u00e1zat, ny\u00edrbund\u00e1k \u00e9s kieg\u00e9sz\u00edt\u0151k v\u00e1laszt\u00e9k\u00e1t, t\u00f6bb ezer v\u00e1s\u00e1rl\u00f3t k\u00e9nyeztetve Rom\u00e1ni\u00e1ban \u00e9s k\u00fclf\u00f6ld\u00f6n egyar\u00e1nt. A gy\u00e1r saj\u00e1t cserz\u0151m\u0171hellyel rendelkezik, melynek kapacit\u00e1sa napi 500 db b\u0151r, ami havi 300 db ruhadarab gy\u00e1rt\u00e1s\u00e1t teszi lehet\u0151v\u00e9. 1994-es alap\u00edt\u00e1sa \u00f3ta az A&amp;A [&hellip;]<\/p>\n","protected":false},"author":1,"featured_media":0,"parent":0,"menu_order":0,"comment_status":"closed","ping_status":"closed","template":"","meta":{"_acf_changed":false,"om_disable_all_campaigns":false,"inline_featured_image":false,"_monsterinsights_skip_tracking":false,"_monsterinsights_sitenote_active":false,"_monsterinsights_sitenote_note":"","_monsterinsights_sitenote_category":0,"footnotes":""},"class_list":["post-93116","page","type-page","status-publish","hentry"],"acf":[],"aioseo_notices":[],"_links":{"self":[{"href":"https:\/\/aavesa.com\/hu\/wp-json\/wp\/v2\/pages\/93116","targetHints":{"allow":["GET"]}}],"collection":[{"href":"https:\/\/aavesa.com\/hu\/wp-json\/wp\/v2\/pages"}],"about":[{"href":"https:\/\/aavesa.com\/hu\/wp-json\/wp\/v2\/types\/page"}],"author":[{"embeddable":true,"href":"https:\/\/aavesa.com\/hu\/wp-json\/wp\/v2\/users\/1"}],"replies":[{"embeddable":true,"href":"https:\/\/aavesa.com\/hu\/wp-json\/wp\/v2\/comments?post=93116"}],"version-history":[{"count":2,"href":"https:\/\/aavesa.com\/hu\/wp-json\/wp\/v2\/pages\/93116\/revisions"}],"predecessor-version":[{"id":97952,"href":"https:\/\/aavesa.com\/hu\/wp-json\/wp\/v2\/pages\/93116\/revisions\/97952"}],"wp:attachment":[{"href":"https:\/\/aavesa.com\/hu\/wp-json\/wp\/v2\/media?parent=93116"}],"curies":[{"name":"wp","href":"https:\/\/api.w.org\/{rel}","templated":true}]}}

Rólunk

<div data-elementor-type="wp-page" data-elementor-id="93116" class="elementor elementor-93116 elementor-523" data-elementor-post-type="page">
				<div class="elementor-element elementor-element-04c7a0d e-flex e-con-boxed e-con e-parent" data-id="04c7a0d" data-element_type="container">
					<div class="e-con-inner">
				<div class="elementor-element elementor-element-01d83f8 elementor-widget elementor-widget-heading" data-id="01d83f8" data-element_type="widget" data-widget_type="heading.default">
				<div class="elementor-widget-container">
					<h1 class="elementor-heading-title elementor-size-default">A&amp;A Vesa szőrmeüzem</h1>				</div>
				</div>
				<div class="elementor-element elementor-element-60b9b78 elementor-widget elementor-widget-heading" data-id="60b9b78" data-element_type="widget" data-widget_type="heading.default">
				<div class="elementor-widget-container">
					<p class="elementor-heading-title elementor-size-default">Az A&amp;A Vesa Shearling Factory 1994-ben alakult kereskedelmi vállalkozásként, fokozatosan kínálva és bővítve a szőrme ruházat, nyírbundák és kiegészítők választékát, több ezer vásárlót kényeztetve Romániában és külföldön egyaránt. A gyár saját cserzőműhellyel rendelkezik, melynek kapacitása napi 500 db bőr, ami havi 300 db ruhadarab gyártását teszi lehetővé. </p>				</div>
				</div>
				<div class="elementor-element elementor-element-7a7d2ed elementor-widget elementor-widget-heading" data-id="7a7d2ed" data-element_type="widget" data-widget_type="heading.default">
				<div class="elementor-widget-container">
					<p class="elementor-heading-title elementor-size-default">1994-es alapítása óta az A&amp;A Vesa mind nőies, mind férfias dizájnjaival kitűnt.</p>				</div>
				</div>
				<div class="elementor-element elementor-element-2b32f8b elementor-widget elementor-widget-heading" data-id="2b32f8b" data-element_type="widget" data-widget_type="heading.default">
				<div class="elementor-widget-container">
					<p class="elementor-heading-title elementor-size-default">Annak ellenére, hogy a szőrme ruházatot általában igényesnek tartják, sikerült ötvözni az eleganciát a hasznossággal, alkalmi és elegáns darabokat létrehozva a színek széles skáláján, a legmagasabb minőségi szabványok szerint elkészítve. Tervezőink és professzionális csapatunk sokéves tapasztalattal, szenvedéllyel és tehetséggel, egyedi tervezésű szőrme ruhákat készít, amelyeket az elegancia, a kifinomultság és a jó ízlés jellemez. Termékkínálatunk széleskörű, számos darabot kínál: kabátok, mellények, sálak, kesztyűk, papucsok, gallérok, sapkák és köpenyek, amelyek mindegyike 100%-ban természetes szőrmékből készül: merinó báránybőr, sarki róka szőrme, vörös róka szőrme, mosómedve szőrme vagy nerc szőrme.  </p>				</div>
				</div>
				<div class="elementor-element elementor-element-c9e8c29 elementor-widget elementor-widget-heading" data-id="c9e8c29" data-element_type="widget" data-widget_type="heading.default">
				<div class="elementor-widget-container">
					<p class="elementor-heading-title elementor-size-default">Az általunk forgalmazott termékek Romániából és az Európai Unióból származó természetes szőrméből készülnek, és nem használunk veszélyeztetett állatfajoktól származó szőrmét.</p>				</div>
				</div>
				<div class="elementor-element elementor-element-a3c2154 elementor-widget elementor-widget-heading" data-id="a3c2154" data-element_type="widget" data-widget_type="heading.default">
				<div class="elementor-widget-container">
					<p class="elementor-heading-title elementor-size-default">Az A&amp;A Vesa termékeket a divat szezonalitásától függetlenül kifinomultságukról, hitelességükről és időtlen eleganciájukról ismerik el. A kivételes szakértelemmel és szenvedéllyel készített termékeket a romániai Aradon, Bukarestben, Galațiban és Temesváron található üzleteinkben csodálhatja meg. </p>				</div>
				</div>
					</div>
				</div>
				</div>

<p>A&amp;A Vesa szőrmeüzem Az A&amp;A Vesa Shearling Factory 1994-ben alakult kereskedelmi vállalkozásként, fokozatosan kínálva és bővítve a szőrme ruházat, nyírbundák és kiegészítők választékát, több ezer vásárlót kényeztetve Romániában és külföldön egyaránt. A gyár saját cserzőműhellyel rendelkezik, melynek kapacitása napi 500 db bőr, ami havi 300 db ruhadarab gyártását teszi lehetővé. 1994-es alapítása óta az A&amp;A [&hellip;]</p>
