

{"id":90371,"date":"2024-07-26T16:34:50","date_gmt":"2024-07-26T16:34:50","guid":{"rendered":"https:\/\/new.aavesa.com\/produs\/baranybor-kopeny-388\/"},"modified":"2025-11-17T06:34:26","modified_gmt":"2025-11-17T06:34:26","slug":"baranybor-kopeny-388","status":"publish","type":"product","link":"https:\/\/aavesa.com\/hu\/product\/baranybor-kopeny-388\/","title":{"rendered":"B\u00e1r\u00e1nyb\u0151r k\u00f6peny 388"},"content":{"rendered":"<p>Ezzel a b\u00e1r\u00e1nysz\u0151rme kab\u00e1ttal az \u0151szi-t\u00e9li szezonban mindig k\u00e9szen \u00e1llsz b\u00e1rmilyen id\u0151j\u00e1r\u00e1sra. K\u00f6nnyen \u00f6sszeilleszthet\u0151 \u00e9s k\u00e9nyelmes viselet, ez a f\u00e9rfi fel\u00f6lt\u0151 nem marad \u00e9szrev\u00e9tlen. A b\u00e1r\u00e1nysz\u0151rme minden sz\u00fcks\u00e9ges meleget biztos\u00edt, m\u00edg az eleg\u00e1ns \u00e9s praktikus kialak\u00edt\u00e1snak k\u00f6sz\u00f6nhet\u0151en minden helyzetben j\u00f3l fogja \u00e9rezni mag\u00e1t. V\u00e1lassza ezt a fel\u00f6lt\u0151t a f\u00e9rfias \u00e9s sokoldal\u00fa megjelen\u00e9s\u00e9rt, amely eleganci\u00e1t k\u00f6lcs\u00f6n\u00f6z a ruhat\u00e1r\u00e1nak. A fel\u00f6lt\u0151 n\u00e9gy zsebbel \u00e9s cipz\u00e1ras z\u00e1r\u00f3d\u00e1ssal rendelkezik, a sz\u00fcrke \u00e9s a fekete \u00e1rnyalataiban kaphat\u00f3. Modell\u00fcnk 188 cm magas, 48-as m\u00e9retet visel, a term\u00e9k hossza pedig 88 cm.     <\/p>\n","protected":false},"excerpt":{"rendered":"<p>Ezzel a b\u00e1r\u00e1nysz\u0151rme kab\u00e1ttal az \u0151szi-t\u00e9li szezonban mindig k\u00e9szen \u00e1llsz b\u00e1rmilyen id\u0151j\u00e1r\u00e1sra. K\u00f6nnyen \u00f6sszeilleszthet\u0151 \u00e9s k\u00e9nyelmes viselet, ez a f\u00e9rfi fel\u00f6lt\u0151 nem marad \u00e9szrev\u00e9tlen. A b\u00e1r\u00e1nysz\u0151rme minden sz\u00fcks\u00e9ges meleget biztos\u00edt, m\u00edg az eleg\u00e1ns \u00e9s praktikus kialak\u00edt\u00e1snak k\u00f6sz\u00f6nhet\u0151en minden helyzetben j\u00f3l fogja \u00e9rezni mag\u00e1t. V\u00e1lassza ezt a fel\u00f6lt\u0151t a f\u00e9rfias \u00e9s sokoldal\u00fa megjelen\u00e9s\u00e9rt, amely eleganci\u00e1t k\u00f6lcs\u00f6n\u00f6z [&hellip;]<\/p>\n","protected":false},"featured_media":90372,"comment_status":"closed","ping_status":"closed","template":"","meta":{"_acf_changed":false,"om_disable_all_campaigns":false,"inline_featured_image":false,"_monsterinsights_skip_tracking":false,"_monsterinsights_sitenote_active":false,"_monsterinsights_sitenote_note":"","_monsterinsights_sitenote_category":0},"product_brand":[],"product_cat":[727,777],"product_tag":[],"class_list":{"0":"post-90371","1":"product","2":"type-product","3":"status-publish","4":"has-post-thumbnail","6":"product_cat-2023-2024-kollekcio","7":"product_cat-shearling-kabatok-ferfiaknak-ferfiak","9":"first","10":"instock","11":"taxable","12":"shipping-taxable","13":"purchasable","14":"product-type-variable","15":"has-default-attributes","16":"wvs-archive-product-wrapper"},"acf":{"categorie_feed":""},"aioseo_notices":[],"_links":{"self":[{"href":"https:\/\/aavesa.com\/hu\/wp-json\/wp\/v2\/product\/90371","targetHints":{"allow":["GET"]}}],"collection":[{"href":"https:\/\/aavesa.com\/hu\/wp-json\/wp\/v2\/product"}],"about":[{"href":"https:\/\/aavesa.com\/hu\/wp-json\/wp\/v2\/types\/product"}],"replies":[{"embeddable":true,"href":"https:\/\/aavesa.com\/hu\/wp-json\/wp\/v2\/comments?post=90371"}],"wp:featuredmedia":[{"embeddable":true,"href":"https:\/\/aavesa.com\/hu\/wp-json\/wp\/v2\/media\/90372"}],"wp:attachment":[{"href":"https:\/\/aavesa.com\/hu\/wp-json\/wp\/v2\/media?parent=90371"}],"wp:term":[{"taxonomy":"product_brand","embeddable":true,"href":"https:\/\/aavesa.com\/hu\/wp-json\/wp\/v2\/product_brand?post=90371"},{"taxonomy":"product_cat","embeddable":true,"href":"https:\/\/aavesa.com\/hu\/wp-json\/wp\/v2\/product_cat?post=90371"},{"taxonomy":"product_tag","embeddable":true,"href":"https:\/\/aavesa.com\/hu\/wp-json\/wp\/v2\/product_tag?post=90371"}],"curies":[{"name":"wp","href":"https:\/\/api.w.org\/{rel}","templated":true}]}}

Báránybőr köpeny 388

<p>Ezzel a bárányszőrme kabáttal az őszi-téli szezonban mindig készen állsz bármilyen időjárásra. Könnyen összeilleszthető és kényelmes viselet, ez a férfi felöltő nem marad észrevétlen. A bárányszőrme minden szükséges meleget biztosít, míg az elegáns és praktikus kialakításnak köszönhetően minden helyzetben jól fogja érezni magát. Válassza ezt a felöltőt a férfias és sokoldalú megjelenésért, amely eleganciát kölcsönöz a ruhatárának. A felöltő négy zsebbel és cipzáras záródással rendelkezik, a szürke és a fekete árnyalataiban kapható. Modellünk 188 cm magas, 48-as méretet visel, a termék hossza pedig 88 cm.     </p>

<p>Ezzel a bárányszőrme kabáttal az őszi-téli szezonban mindig készen állsz bármilyen időjárásra. Könnyen összeilleszthető és kényelmes viselet, ez a férfi felöltő nem marad észrevétlen. A bárányszőrme minden szükséges meleget biztosít, míg az elegáns és praktikus kialakításnak köszönhetően minden helyzetben jól fogja érezni magát. Válassza ezt a felöltőt a férfias és sokoldalú megjelenésért, amely eleganciát kölcsönöz [&hellip;]</p>
