

{"id":90527,"date":"2024-07-26T16:34:28","date_gmt":"2024-07-26T16:34:28","guid":{"rendered":"https:\/\/new.aavesa.com\/produs\/baranybor-kapucnis-sal-965\/"},"modified":"2026-03-24T19:31:08","modified_gmt":"2026-03-24T17:31:08","slug":"baranybor-kapucnis-sal-965","status":"publish","type":"product","link":"https:\/\/aavesa.com\/hu\/product\/baranybor-kapucnis-sal-965\/","title":{"rendered":"Birkab\u0151r kapucnis s\u00e1l 966"},"content":{"rendered":"<p>A merin\u00f3 juhb\u0151rb\u0151l k\u00e9sz\u00fclt<a href=\"https:\/\/aavesa.com\/hu\/nok\/szorme-nyakkendo\/\"> kapucnis s\u00e1l<\/a> egy eleg\u00e1ns \u00e9s rendk\u00edv\u00fcl k\u00e9nyelmes ruhadarab, amely alkalmas a hideg \u00e9vszakra. Visszafogott konyaksz\u00edn\u0171 sz\u00edne b\u00e1rmelyik \u00f6lt\u00f6z\u00e9khez kifinomults\u00e1got k\u00f6lcs\u00f6n\u00f6z. A term\u00e9szetes szigetel\u0151 tulajdons\u00e1gair\u00f3l ismert merin\u00f3i b\u00e1r\u00e1nyb\u0151r biztos\u00edtja, hogy mindig v\u00e9dve legyen a hidegt\u0151l \u00e9s a sz\u00e9lt\u0151l. A nagyvonal\u00fa kapucni melegen tartja a fej\u00e9t, a s\u00e1l pedig t\u00f6bbf\u00e9lek\u00e9ppen is viselhet\u0151, hogy fokozza szem\u00e9lyes st\u00edlus\u00e1t. Ez a term\u00e9k z\u00f6kken\u0151mentesen \u00f6tv\u00f6zi a funkcionalit\u00e1st \u00e9s az eleganci\u00e1t, \u00edgy t\u00f6k\u00e9letes v\u00e1laszt\u00e1s a hideg \u00e9vszakban a k\u00e9nyelem \u00e9s a st\u00edlus \u00e9lvezet\u00e9hez. Kognac sz\u00ednben kaphat\u00f3.     <\/p>\n","protected":false},"excerpt":{"rendered":"<p>A merin\u00f3 juhb\u0151rb\u0151l k\u00e9sz\u00fclt kapucnis s\u00e1l egy eleg\u00e1ns \u00e9s rendk\u00edv\u00fcl k\u00e9nyelmes ruhadarab, amely alkalmas a hideg \u00e9vszakra. Visszafogott konyaksz\u00edn\u0171 sz\u00edne b\u00e1rmelyik \u00f6lt\u00f6z\u00e9khez kifinomults\u00e1got k\u00f6lcs\u00f6n\u00f6z. A term\u00e9szetes szigetel\u0151 tulajdons\u00e1gair\u00f3l ismert merin\u00f3i b\u00e1r\u00e1nyb\u0151r biztos\u00edtja, hogy mindig v\u00e9dve legyen a hidegt\u0151l \u00e9s a sz\u00e9lt\u0151l. A nagyvonal\u00fa kapucni melegen tartja a fej\u00e9t, a s\u00e1l pedig t\u00f6bbf\u00e9lek\u00e9ppen is viselhet\u0151, hogy [&hellip;]<\/p>\n","protected":false},"featured_media":90528,"comment_status":"closed","ping_status":"closed","template":"","meta":{"_acf_changed":false,"om_disable_all_campaigns":false,"inline_featured_image":false,"_monsterinsights_skip_tracking":false,"_monsterinsights_sitenote_active":false,"_monsterinsights_sitenote_note":"","_monsterinsights_sitenote_category":0},"product_brand":[],"product_cat":[727,808],"product_tag":[],"class_list":{"0":"post-90527","1":"product","2":"type-product","3":"status-publish","4":"has-post-thumbnail","6":"product_cat-2023-2024-kollekcio","7":"product_cat-szorme-nyakkendo","9":"first","10":"instock","11":"taxable","12":"shipping-taxable","13":"purchasable","14":"product-type-variable","15":"has-default-attributes","16":"wvs-archive-product-wrapper"},"acf":{"categorie_feed":""},"aioseo_notices":[],"_links":{"self":[{"href":"https:\/\/aavesa.com\/hu\/wp-json\/wp\/v2\/product\/90527","targetHints":{"allow":["GET"]}}],"collection":[{"href":"https:\/\/aavesa.com\/hu\/wp-json\/wp\/v2\/product"}],"about":[{"href":"https:\/\/aavesa.com\/hu\/wp-json\/wp\/v2\/types\/product"}],"replies":[{"embeddable":true,"href":"https:\/\/aavesa.com\/hu\/wp-json\/wp\/v2\/comments?post=90527"}],"wp:featuredmedia":[{"embeddable":true,"href":"https:\/\/aavesa.com\/hu\/wp-json\/wp\/v2\/media\/90528"}],"wp:attachment":[{"href":"https:\/\/aavesa.com\/hu\/wp-json\/wp\/v2\/media?parent=90527"}],"wp:term":[{"taxonomy":"product_brand","embeddable":true,"href":"https:\/\/aavesa.com\/hu\/wp-json\/wp\/v2\/product_brand?post=90527"},{"taxonomy":"product_cat","embeddable":true,"href":"https:\/\/aavesa.com\/hu\/wp-json\/wp\/v2\/product_cat?post=90527"},{"taxonomy":"product_tag","embeddable":true,"href":"https:\/\/aavesa.com\/hu\/wp-json\/wp\/v2\/product_tag?post=90527"}],"curies":[{"name":"wp","href":"https:\/\/api.w.org\/{rel}","templated":true}]}}

Birkabőr kapucnis sál 966

<p>A merinó juhbőrből készült<a href="https://aavesa.com/hu/nok/szorme-nyakkendo/"> kapucnis sál</a> egy elegáns és rendkívül kényelmes ruhadarab, amely alkalmas a hideg évszakra. Visszafogott konyakszínű színe bármelyik öltözékhez kifinomultságot kölcsönöz. A természetes szigetelő tulajdonságairól ismert merinói báránybőr biztosítja, hogy mindig védve legyen a hidegtől és a széltől. A nagyvonalú kapucni melegen tartja a fejét, a sál pedig többféleképpen is viselhető, hogy fokozza személyes stílusát. Ez a termék zökkenőmentesen ötvözi a funkcionalitást és az eleganciát, így tökéletes választás a hideg évszakban a kényelem és a stílus élvezetéhez. Kognac színben kapható.     </p>

<p>A merinó juhbőrből készült kapucnis sál egy elegáns és rendkívül kényelmes ruhadarab, amely alkalmas a hideg évszakra. Visszafogott konyakszínű színe bármelyik öltözékhez kifinomultságot kölcsönöz. A természetes szigetelő tulajdonságairól ismert merinói báránybőr biztosítja, hogy mindig védve legyen a hidegtől és a széltől. A nagyvonalú kapucni melegen tartja a fejét, a sál pedig többféleképpen is viselhető, hogy [&hellip;]</p>
