

{"id":90735,"date":"2024-07-26T16:34:07","date_gmt":"2024-07-26T16:34:07","guid":{"rendered":"https:\/\/new.aavesa.com\/produs\/baranybor-kabat-2044\/"},"modified":"2026-04-10T15:02:45","modified_gmt":"2026-04-10T17:02:45","slug":"baranybor-kabat-2044","status":"publish","type":"product","link":"https:\/\/aavesa.com\/hu\/product\/baranybor-kabat-2044\/","title":{"rendered":"B\u00e1r\u00e1nyb\u0151r kab\u00e1t 2044"},"content":{"rendered":"<p>Egy modern \u00e9s fiatalos megjelen\u00e9s\u0171 sz\u0151rmebunda seg\u00edt, hogy minden \u00f6lt\u00f6z\u00e9kedb\u0151l t\u0151k\u00e9t kov\u00e1csolj, f\u00fcggetlen\u00fcl att\u00f3l, hogy milyen zord az id\u0151j\u00e1r\u00e1s odakint. Ez a term\u00e9szetes b\u00e1r\u00e1nysz\u0151rm\u00e9b\u0151l k\u00e9sz\u00fclt n\u0151i kab\u00e1t olyan ruhadarab, amely biztosan a kedvencei k\u00f6z\u00e9 ker\u00fcl. A term\u00e9szetes sz\u0151rme \u00e1ltal ny\u00fajtott melegs\u00e9g nem hasonl\u00edthat\u00f3 semmilyen m\u00e1s anyaghoz, valamint a k\u00e9nyelem \u00e9s a kellemes \u00e9rz\u00e9s minden alkalommal, amikor viseli. Az anyagok \u00e9s \u00e1rnyalatok kombin\u00e1ci\u00f3ja teszi ezt a n\u0151i sz\u0151rmebund\u00e1t eleganci\u00e1j\u00e1val \u00e9s eredetis\u00e9g\u00e9vel kiemelked\u0151v\u00e9. A ruhadarab sz\u00fcrke, fekete \u00e9s barna sz\u00ednben kaphat\u00f3. Modell\u00fcnk 176 cm magas, 36-os m\u00e9retet visel, a term\u00e9k hossza pedig 70 cm.     <\/p>\n","protected":false},"excerpt":{"rendered":"<p>Egy modern \u00e9s fiatalos megjelen\u00e9s\u0171 sz\u0151rmebunda seg\u00edt, hogy minden \u00f6lt\u00f6z\u00e9kedb\u0151l t\u0151k\u00e9t kov\u00e1csolj, f\u00fcggetlen\u00fcl att\u00f3l, hogy milyen zord az id\u0151j\u00e1r\u00e1s odakint. Ez a term\u00e9szetes b\u00e1r\u00e1nysz\u0151rm\u00e9b\u0151l k\u00e9sz\u00fclt n\u0151i kab\u00e1t olyan ruhadarab, amely biztosan a kedvencei k\u00f6z\u00e9 ker\u00fcl. A term\u00e9szetes sz\u0151rme \u00e1ltal ny\u00fajtott melegs\u00e9g nem hasonl\u00edthat\u00f3 semmilyen m\u00e1s anyaghoz, valamint a k\u00e9nyelem \u00e9s a kellemes \u00e9rz\u00e9s minden alkalommal, [&hellip;]<\/p>\n","protected":false},"featured_media":90736,"comment_status":"closed","ping_status":"closed","template":"","meta":{"_acf_changed":false,"om_disable_all_campaigns":false,"inline_featured_image":false,"_monsterinsights_skip_tracking":false,"_monsterinsights_sitenote_active":false,"_monsterinsights_sitenote_note":"","_monsterinsights_sitenote_category":0},"product_brand":[],"product_cat":[833,952,773,741],"product_tag":[],"class_list":{"0":"post-90735","1":"product","2":"type-product","3":"status-publish","4":"has-post-thumbnail","6":"product_cat-2022-2023-as-kollekcio","7":"product_cat-ferfi-es-noi-pehelypaplan-dzsekik-a-luxus-es-a-melegseg-vegso-kevereke","8":"product_cat-noi-shearling-dzsekik","9":"product_cat-nok","11":"first","12":"instock","13":"taxable","14":"shipping-taxable","15":"purchasable","16":"product-type-variable","17":"has-default-attributes","18":"wvs-archive-product-wrapper"},"acf":{"categorie_feed":""},"aioseo_notices":[],"_links":{"self":[{"href":"https:\/\/aavesa.com\/hu\/wp-json\/wp\/v2\/product\/90735","targetHints":{"allow":["GET"]}}],"collection":[{"href":"https:\/\/aavesa.com\/hu\/wp-json\/wp\/v2\/product"}],"about":[{"href":"https:\/\/aavesa.com\/hu\/wp-json\/wp\/v2\/types\/product"}],"replies":[{"embeddable":true,"href":"https:\/\/aavesa.com\/hu\/wp-json\/wp\/v2\/comments?post=90735"}],"wp:featuredmedia":[{"embeddable":true,"href":"https:\/\/aavesa.com\/hu\/wp-json\/wp\/v2\/media\/90736"}],"wp:attachment":[{"href":"https:\/\/aavesa.com\/hu\/wp-json\/wp\/v2\/media?parent=90735"}],"wp:term":[{"taxonomy":"product_brand","embeddable":true,"href":"https:\/\/aavesa.com\/hu\/wp-json\/wp\/v2\/product_brand?post=90735"},{"taxonomy":"product_cat","embeddable":true,"href":"https:\/\/aavesa.com\/hu\/wp-json\/wp\/v2\/product_cat?post=90735"},{"taxonomy":"product_tag","embeddable":true,"href":"https:\/\/aavesa.com\/hu\/wp-json\/wp\/v2\/product_tag?post=90735"}],"curies":[{"name":"wp","href":"https:\/\/api.w.org\/{rel}","templated":true}]}}

Báránybőr kabát 2044

<p>Egy modern és fiatalos megjelenésű szőrmebunda segít, hogy minden öltözékedből tőkét kovácsolj, függetlenül attól, hogy milyen zord az időjárás odakint. Ez a természetes bárányszőrméből készült női kabát olyan ruhadarab, amely biztosan a kedvencei közé kerül. A természetes szőrme által nyújtott melegség nem hasonlítható semmilyen más anyaghoz, valamint a kényelem és a kellemes érzés minden alkalommal, amikor viseli. Az anyagok és árnyalatok kombinációja teszi ezt a női szőrmebundát eleganciájával és eredetiségével kiemelkedővé. A ruhadarab szürke, fekete és barna színben kapható. Modellünk 176 cm magas, 36-os méretet visel, a termék hossza pedig 70 cm.     </p>

<p>Egy modern és fiatalos megjelenésű szőrmebunda segít, hogy minden öltözékedből tőkét kovácsolj, függetlenül attól, hogy milyen zord az időjárás odakint. Ez a természetes bárányszőrméből készült női kabát olyan ruhadarab, amely biztosan a kedvencei közé kerül. A természetes szőrme által nyújtott melegség nem hasonlítható semmilyen más anyaghoz, valamint a kényelem és a kellemes érzés minden alkalommal, [&hellip;]</p>
