

{"id":91726,"date":"2024-07-26T16:32:14","date_gmt":"2024-07-26T16:32:14","guid":{"rendered":"https:\/\/new.aavesa.com\/produs\/kapucnis-nyulszorme-kabat-2059\/"},"modified":"2025-11-17T06:27:31","modified_gmt":"2025-11-17T06:27:31","slug":"kapucnis-nyulszorme-kabat-2059","status":"publish","type":"product","link":"https:\/\/aavesa.com\/hu\/product\/kapucnis-nyulszorme-kabat-2059\/","title":{"rendered":"Kapucnis ny\u00falsz\u0151rme kab\u00e1t 2059"},"content":{"rendered":"<p>A term\u00e9szetes nercbunda a v\u00e9gs\u0151 k\u00e9nyelem \u00e9s elegancia szimb\u00f3luma. Ez a n\u0151i kab\u00e1t minden \u00f6lt\u00f6z\u00e9knek extra st\u00edlusoss\u00e1got k\u00f6lcs\u00f6n\u00f6z, \u00e9s mindig nyugodt leszel t\u0151le, k\u00f6sz\u00f6nhet\u0151en annak, hogy nem kell agg\u00f3dnod a kinti hideg miatt. A nercbunda egyedi text\u00far\u00e1ja \u00e9s hib\u00e1tlan megjelen\u00e9se miatt \u00e9rt\u00e9kes sz\u0151rme, de szigetel\u0151 tulajdons\u00e1gai miatt is. Ez az eleg\u00e1ns n\u0151i kab\u00e1t \u00fcgyesen egym\u00e1shoz illesztett anyagdarabokb\u00f3l k\u00e9sz\u00fclt, kapucnival van ell\u00e1tva, \u00e9s a z\u00e1r\u00e1sa klipszekkel k\u00e9sz\u00fclt. A rendelkez\u00e9sre \u00e1ll\u00f3 sz\u00ednek a fekete \u00e9s a sz\u00fcrke. Modell\u00fcnk 176 cm magas \u00e9s 36-os m\u00e9retet visel fekete sz\u00ednben, illetve 175 cm magas \u00e9s 40-es m\u00e9retet visel sz\u00fcrke sz\u00ednben. A term\u00e9k hossza 95 cm.      <\/p>\n","protected":false},"excerpt":{"rendered":"<p>A term\u00e9szetes nercbunda a v\u00e9gs\u0151 k\u00e9nyelem \u00e9s elegancia szimb\u00f3luma. Ez a n\u0151i kab\u00e1t minden \u00f6lt\u00f6z\u00e9knek extra st\u00edlusoss\u00e1got k\u00f6lcs\u00f6n\u00f6z, \u00e9s mindig nyugodt leszel t\u0151le, k\u00f6sz\u00f6nhet\u0151en annak, hogy nem kell agg\u00f3dnod a kinti hideg miatt. A nercbunda egyedi text\u00far\u00e1ja \u00e9s hib\u00e1tlan megjelen\u00e9se miatt \u00e9rt\u00e9kes sz\u0151rme, de szigetel\u0151 tulajdons\u00e1gai miatt is. Ez az eleg\u00e1ns n\u0151i kab\u00e1t \u00fcgyesen egym\u00e1shoz [&hellip;]<\/p>\n","protected":false},"featured_media":91727,"comment_status":"closed","ping_status":"closed","template":"","meta":{"_acf_changed":false,"om_disable_all_campaigns":false,"inline_featured_image":false,"_monsterinsights_skip_tracking":false,"_monsterinsights_sitenote_active":false,"_monsterinsights_sitenote_note":"","_monsterinsights_sitenote_category":0},"product_brand":[],"product_cat":[833,766,769,741,770],"product_tag":[],"class_list":{"0":"post-91726","1":"product","2":"type-product","3":"status-publish","4":"has-post-thumbnail","6":"product_cat-2022-2023-as-kollekcio","7":"product_cat-bundas-kabatok-es-bundas-dzsekik-noknek","8":"product_cat-nerc-szorme","9":"product_cat-nok","10":"product_cat-vidra-bundak-vidra-zsekik","12":"first","13":"instock","14":"taxable","15":"shipping-taxable","16":"purchasable","17":"product-type-variable","18":"has-default-attributes","19":"wvs-archive-product-wrapper"},"acf":{"categorie_feed":""},"aioseo_notices":[],"_links":{"self":[{"href":"https:\/\/aavesa.com\/hu\/wp-json\/wp\/v2\/product\/91726","targetHints":{"allow":["GET"]}}],"collection":[{"href":"https:\/\/aavesa.com\/hu\/wp-json\/wp\/v2\/product"}],"about":[{"href":"https:\/\/aavesa.com\/hu\/wp-json\/wp\/v2\/types\/product"}],"replies":[{"embeddable":true,"href":"https:\/\/aavesa.com\/hu\/wp-json\/wp\/v2\/comments?post=91726"}],"wp:featuredmedia":[{"embeddable":true,"href":"https:\/\/aavesa.com\/hu\/wp-json\/wp\/v2\/media\/91727"}],"wp:attachment":[{"href":"https:\/\/aavesa.com\/hu\/wp-json\/wp\/v2\/media?parent=91726"}],"wp:term":[{"taxonomy":"product_brand","embeddable":true,"href":"https:\/\/aavesa.com\/hu\/wp-json\/wp\/v2\/product_brand?post=91726"},{"taxonomy":"product_cat","embeddable":true,"href":"https:\/\/aavesa.com\/hu\/wp-json\/wp\/v2\/product_cat?post=91726"},{"taxonomy":"product_tag","embeddable":true,"href":"https:\/\/aavesa.com\/hu\/wp-json\/wp\/v2\/product_tag?post=91726"}],"curies":[{"name":"wp","href":"https:\/\/api.w.org\/{rel}","templated":true}]}}

Kapucnis nyúlszőrme kabát 2059

<p>A természetes nercbunda a végső kényelem és elegancia szimbóluma. Ez a női kabát minden öltözéknek extra stílusosságot kölcsönöz, és mindig nyugodt leszel tőle, köszönhetően annak, hogy nem kell aggódnod a kinti hideg miatt. A nercbunda egyedi textúrája és hibátlan megjelenése miatt értékes szőrme, de szigetelő tulajdonságai miatt is. Ez az elegáns női kabát ügyesen egymáshoz illesztett anyagdarabokból készült, kapucnival van ellátva, és a zárása klipszekkel készült. A rendelkezésre álló színek a fekete és a szürke. Modellünk 176 cm magas és 36-os méretet visel fekete színben, illetve 175 cm magas és 40-es méretet visel szürke színben. A termék hossza 95 cm.      </p>

<p>A természetes nercbunda a végső kényelem és elegancia szimbóluma. Ez a női kabát minden öltözéknek extra stílusosságot kölcsönöz, és mindig nyugodt leszel tőle, köszönhetően annak, hogy nem kell aggódnod a kinti hideg miatt. A nercbunda egyedi textúrája és hibátlan megjelenése miatt értékes szőrme, de szigetelő tulajdonságai miatt is. Ez az elegáns női kabát ügyesen egymáshoz [&hellip;]</p>
