

{"id":92691,"date":"2024-07-26T16:30:21","date_gmt":"2024-07-26T16:30:21","guid":{"rendered":"https:\/\/new.aavesa.com\/produs\/roka-szorme-melleny-noknek-472\/"},"modified":"2025-11-17T06:28:18","modified_gmt":"2025-11-17T06:28:18","slug":"roka-szorme-melleny-noknek-472","status":"publish","type":"product","link":"https:\/\/aavesa.com\/hu\/product\/roka-szorme-melleny-noknek-472\/","title":{"rendered":"R\u00f3ka sz\u0151rme mell\u00e9ny n\u0151knek 472"},"content":{"rendered":"<p>A r\u00f3kabunda mell\u00e9ny t\u00f6k\u00e9letes a hideg \u0151szi-t\u00e9li napokra. A barna vagy a lila \u00e1rnyalatai harmonikusan keverednek, \u00edgy k\u00f6nnyen illeszkedik a modern \u00e9s az eleg\u00e1ns st\u00edlushoz egyar\u00e1nt. Meleg, praktikus \u00e9s k\u00e9nyelmes, ez a r\u00f3kabunda mell\u00e9ny r\u00e9szletesen kidolgozott. A n\u0151i r\u00f3kabunda mell\u00e9ny enyh\u00e9n \u00edvelt szab\u00e1s\u00fa, hogy kiemelje a tulajdonos derek\u00e1t, de b\u0151rsz\u00edjjal is rendelkezik. A mell\u00e9ny hossza 77 cm. Ez a n\u0151i r\u00f3kabunda mell\u00e9ny k\u00e9t sz\u00ednben &#8211; barna \u00e9s lila &#8211; kaphat\u00f3.     <\/p>\n","protected":false},"excerpt":{"rendered":"<p>A r\u00f3kabunda mell\u00e9ny t\u00f6k\u00e9letes a hideg \u0151szi-t\u00e9li napokra. A barna vagy a lila \u00e1rnyalatai harmonikusan keverednek, \u00edgy k\u00f6nnyen illeszkedik a modern \u00e9s az eleg\u00e1ns st\u00edlushoz egyar\u00e1nt. Meleg, praktikus \u00e9s k\u00e9nyelmes, ez a r\u00f3kabunda mell\u00e9ny r\u00e9szletesen kidolgozott. A n\u0151i r\u00f3kabunda mell\u00e9ny enyh\u00e9n \u00edvelt szab\u00e1s\u00fa, hogy kiemelje a tulajdonos derek\u00e1t, de b\u0151rsz\u00edjjal is rendelkezik. A mell\u00e9ny hossza [&hellip;]<\/p>\n","protected":false},"featured_media":92692,"comment_status":"closed","ping_status":"closed","template":"","meta":{"_acf_changed":false,"om_disable_all_campaigns":false,"inline_featured_image":false,"_monsterinsights_skip_tracking":false,"_monsterinsights_sitenote_active":false,"_monsterinsights_sitenote_note":"","_monsterinsights_sitenote_category":0},"product_brand":[],"product_cat":[848,741,765,793],"product_tag":[],"class_list":{"0":"post-92691","1":"product","2":"type-product","3":"status-publish","4":"has-post-thumbnail","6":"product_cat-2021-2022-es-kollekcio","7":"product_cat-nok","8":"product_cat-roka-szorme","9":"product_cat-shearling-mellenyek-es-bundas-mellenyek-noknek","11":"first","12":"instock","13":"taxable","14":"shipping-taxable","15":"purchasable","16":"product-type-variable","17":"has-default-attributes","18":"wvs-archive-product-wrapper"},"acf":{"categorie_feed":""},"aioseo_notices":[],"_links":{"self":[{"href":"https:\/\/aavesa.com\/hu\/wp-json\/wp\/v2\/product\/92691","targetHints":{"allow":["GET"]}}],"collection":[{"href":"https:\/\/aavesa.com\/hu\/wp-json\/wp\/v2\/product"}],"about":[{"href":"https:\/\/aavesa.com\/hu\/wp-json\/wp\/v2\/types\/product"}],"replies":[{"embeddable":true,"href":"https:\/\/aavesa.com\/hu\/wp-json\/wp\/v2\/comments?post=92691"}],"wp:featuredmedia":[{"embeddable":true,"href":"https:\/\/aavesa.com\/hu\/wp-json\/wp\/v2\/media\/92692"}],"wp:attachment":[{"href":"https:\/\/aavesa.com\/hu\/wp-json\/wp\/v2\/media?parent=92691"}],"wp:term":[{"taxonomy":"product_brand","embeddable":true,"href":"https:\/\/aavesa.com\/hu\/wp-json\/wp\/v2\/product_brand?post=92691"},{"taxonomy":"product_cat","embeddable":true,"href":"https:\/\/aavesa.com\/hu\/wp-json\/wp\/v2\/product_cat?post=92691"},{"taxonomy":"product_tag","embeddable":true,"href":"https:\/\/aavesa.com\/hu\/wp-json\/wp\/v2\/product_tag?post=92691"}],"curies":[{"name":"wp","href":"https:\/\/api.w.org\/{rel}","templated":true}]}}

Róka szőrme mellény nőknek 472

<p>A rókabunda mellény tökéletes a hideg őszi-téli napokra. A barna vagy a lila árnyalatai harmonikusan keverednek, így könnyen illeszkedik a modern és az elegáns stílushoz egyaránt. Meleg, praktikus és kényelmes, ez a rókabunda mellény részletesen kidolgozott. A női rókabunda mellény enyhén ívelt szabású, hogy kiemelje a tulajdonos derekát, de bőrszíjjal is rendelkezik. A mellény hossza 77 cm. Ez a női rókabunda mellény két színben &#8211; barna és lila &#8211; kapható.     </p>

<p>A rókabunda mellény tökéletes a hideg őszi-téli napokra. A barna vagy a lila árnyalatai harmonikusan keverednek, így könnyen illeszkedik a modern és az elegáns stílushoz egyaránt. Meleg, praktikus és kényelmes, ez a rókabunda mellény részletesen kidolgozott. A női rókabunda mellény enyhén ívelt szabású, hogy kiemelje a tulajdonos derekát, de bőrszíjjal is rendelkezik. A mellény hossza [&hellip;]</p>
