

{"id":92700,"date":"2024-07-26T16:29:57","date_gmt":"2024-07-26T16:29:57","guid":{"rendered":"https:\/\/new.aavesa.com\/produs\/fordithato-bor-es-mosomedve-bunda-kabat-374\/"},"modified":"2026-04-10T15:08:38","modified_gmt":"2026-04-10T17:08:38","slug":"fordithato-bor-es-mosomedve-bunda-kabat-374","status":"publish","type":"product","link":"https:\/\/aavesa.com\/hu\/product\/fordithato-bor-es-mosomedve-bunda-kabat-374\/","title":{"rendered":"Ford\u00edthat\u00f3 b\u0151r \u00e9s mos\u00f3medve bunda kab\u00e1t 374"},"content":{"rendered":"<p>Nagyon meleg kab\u00e1t f\u00e9rfiaknak. Ez a kab\u00e1t b\u0151rb\u0151l \u00e9s mos\u00f3medvebund\u00e1b\u00f3l k\u00e9sz\u00fclt. A kab\u00e1t megford\u00edthat\u00f3, \u00e9s k\u00e9tf\u00e9lek\u00e9ppen is viselhet\u0151, \u00edgy sokoldal\u00fa \u00e9s k\u00f6nnyen \u00f6sszeilleszthet\u0151. Meleg, praktikus \u00e9s k\u00e9nyelmes, ez a ford\u00edthat\u00f3 kab\u00e1t t\u00f6k\u00e9letes v\u00e9tel. Alkalmas alkalmi \u00f6lt\u00f6z\u00e9kekhez, minden napra, ez a r\u00f6vid, der\u00e9kig \u00e9r\u0151 kab\u00e1t a szab\u00e1sa r\u00e9v\u00e9n modern \u00e9s egyszer\u0171. Az alj\u00e1n tal\u00e1lhat\u00f3 elasztikus anyag, a kapucni \u00e9s a cipz\u00e1r extra k\u00e9nyelmet \u00e9s v\u00e9delmet ny\u00fajt a fagy ellen. Ez a kab\u00e1t k\u00e9t oldalzsebbel is rendelkezik. A kab\u00e1t barna \u00e9s fekete sz\u00ednben kaphat\u00f3. Hossza 65 cm.        <\/p>\n","protected":false},"excerpt":{"rendered":"<p>Nagyon meleg kab\u00e1t f\u00e9rfiaknak. Ez a kab\u00e1t b\u0151rb\u0151l \u00e9s mos\u00f3medvebund\u00e1b\u00f3l k\u00e9sz\u00fclt. A kab\u00e1t megford\u00edthat\u00f3, \u00e9s k\u00e9tf\u00e9lek\u00e9ppen is viselhet\u0151, \u00edgy sokoldal\u00fa \u00e9s k\u00f6nnyen \u00f6sszeilleszthet\u0151. Meleg, praktikus \u00e9s k\u00e9nyelmes, ez a ford\u00edthat\u00f3 kab\u00e1t t\u00f6k\u00e9letes v\u00e9tel. Alkalmas alkalmi \u00f6lt\u00f6z\u00e9kekhez, minden napra, ez a r\u00f6vid, der\u00e9kig \u00e9r\u0151 kab\u00e1t a szab\u00e1sa r\u00e9v\u00e9n modern \u00e9s egyszer\u0171. Az alj\u00e1n tal\u00e1lhat\u00f3 elasztikus anyag, [&hellip;]<\/p>\n","protected":false},"featured_media":92703,"comment_status":"closed","ping_status":"closed","template":"","meta":{"_acf_changed":false,"om_disable_all_campaigns":false,"inline_featured_image":false,"_monsterinsights_skip_tracking":false,"_monsterinsights_sitenote_active":false,"_monsterinsights_sitenote_note":"","_monsterinsights_sitenote_category":0},"product_brand":[],"product_cat":[848,780,952,725,772],"product_tag":[],"class_list":{"0":"post-92700","1":"product","2":"type-product","3":"status-publish","4":"has-post-thumbnail","6":"product_cat-2021-2022-es-kollekcio","7":"product_cat-baranybor-kabatok-hu-2","8":"product_cat-ferfi-es-noi-pehelypaplan-dzsekik-a-luxus-es-a-melegseg-vegso-kevereke","9":"product_cat-ferfiak","10":"product_cat-shearling-kabatok-ferfiaknak","12":"first","13":"outofstock","14":"taxable","15":"shipping-taxable","16":"product-type-variable","17":"has-default-attributes","18":"wvs-archive-product-wrapper"},"acf":{"categorie_feed":""},"aioseo_notices":[],"_links":{"self":[{"href":"https:\/\/aavesa.com\/hu\/wp-json\/wp\/v2\/product\/92700","targetHints":{"allow":["GET"]}}],"collection":[{"href":"https:\/\/aavesa.com\/hu\/wp-json\/wp\/v2\/product"}],"about":[{"href":"https:\/\/aavesa.com\/hu\/wp-json\/wp\/v2\/types\/product"}],"replies":[{"embeddable":true,"href":"https:\/\/aavesa.com\/hu\/wp-json\/wp\/v2\/comments?post=92700"}],"wp:featuredmedia":[{"embeddable":true,"href":"https:\/\/aavesa.com\/hu\/wp-json\/wp\/v2\/media\/92703"}],"wp:attachment":[{"href":"https:\/\/aavesa.com\/hu\/wp-json\/wp\/v2\/media?parent=92700"}],"wp:term":[{"taxonomy":"product_brand","embeddable":true,"href":"https:\/\/aavesa.com\/hu\/wp-json\/wp\/v2\/product_brand?post=92700"},{"taxonomy":"product_cat","embeddable":true,"href":"https:\/\/aavesa.com\/hu\/wp-json\/wp\/v2\/product_cat?post=92700"},{"taxonomy":"product_tag","embeddable":true,"href":"https:\/\/aavesa.com\/hu\/wp-json\/wp\/v2\/product_tag?post=92700"}],"curies":[{"name":"wp","href":"https:\/\/api.w.org\/{rel}","templated":true}]}}

Fordítható bőr és mosómedve bunda kabát 374

<p>Nagyon meleg kabát férfiaknak. Ez a kabát bőrből és mosómedvebundából készült. A kabát megfordítható, és kétféleképpen is viselhető, így sokoldalú és könnyen összeilleszthető. Meleg, praktikus és kényelmes, ez a fordítható kabát tökéletes vétel. Alkalmas alkalmi öltözékekhez, minden napra, ez a rövid, derékig érő kabát a szabása révén modern és egyszerű. Az alján található elasztikus anyag, a kapucni és a cipzár extra kényelmet és védelmet nyújt a fagy ellen. Ez a kabát két oldalzsebbel is rendelkezik. A kabát barna és fekete színben kapható. Hossza 65 cm.        </p>

<p>Nagyon meleg kabát férfiaknak. Ez a kabát bőrből és mosómedvebundából készült. A kabát megfordítható, és kétféleképpen is viselhető, így sokoldalú és könnyen összeilleszthető. Meleg, praktikus és kényelmes, ez a fordítható kabát tökéletes vétel. Alkalmas alkalmi öltözékekhez, minden napra, ez a rövid, derékig érő kabát a szabása révén modern és egyszerű. Az alján található elasztikus anyag, [&hellip;]</p>
