

{"id":94610,"date":"2024-09-10T15:35:07","date_gmt":"2024-09-10T15:35:07","guid":{"rendered":"https:\/\/new.aavesa.com\/produs\/bomber-baranygyapju-dzseki-2086\/"},"modified":"2026-04-10T15:02:54","modified_gmt":"2026-04-10T17:02:54","slug":"bomber-baranygyapju-dzseki-2086","status":"publish","type":"product","link":"https:\/\/aavesa.com\/hu\/product\/bomber-baranygyapju-dzseki-2086\/","title":{"rendered":"Birkagyapj\u00fa Bomber Dzseki 2086"},"content":{"rendered":"<p>Ez a meleg barna \u00e1rnyalat\u00fa, feh\u00e9r sz\u0151rm\u00e9vel d\u00edsz\u00edtett bomberkab\u00e1t ide\u00e1lis a hideg t\u00e9li napokra. A modern \u00e9s funkcion\u00e1lis kialak\u00edt\u00e1s\u00fa kab\u00e1t k\u00e9t csattal ell\u00e1tott gall\u00e9rral rendelkezik, amely extra st\u00edlust \u00e9s v\u00e9delmet ny\u00fajt a hideg ellen. K\u00e9t cipz\u00e1ras zsebbel rendelkezik a funkcionalit\u00e1s \u00e9s a biztons\u00e1g \u00e9rdek\u00e9ben. A kab\u00e1t cipz\u00e1rral z\u00e1r\u00f3dik, alul pedig \u00f6vvel \u00e9s csattal \u00e1ll\u00edthat\u00f3, \u00edgy biztos\u00edtva a t\u00f6k\u00e9letes illeszked\u00e9st. A hideg \u00e9vszak n\u00e9lk\u00fcl\u00f6zhetetlen darabja, amely meleget \u00e9s kifinomults\u00e1got k\u00f6lcs\u00f6n\u00f6z minden \u00f6lt\u00f6z\u00e9knek.     A dzseki barna sz\u00ednben kaphat\u00f3. Modell\u00fcnk 174 cm magas, 36-os m\u00e9retet visel, a term\u00e9k hossza pedig 53 cm.<\/p>\n","protected":false},"excerpt":{"rendered":"<p>Ez a meleg barna \u00e1rnyalat\u00fa, feh\u00e9r sz\u0151rm\u00e9vel d\u00edsz\u00edtett bomberkab\u00e1t ide\u00e1lis a hideg t\u00e9li napokra. A modern \u00e9s funkcion\u00e1lis kialak\u00edt\u00e1s\u00fa kab\u00e1t k\u00e9t csattal ell\u00e1tott gall\u00e9rral rendelkezik, amely extra st\u00edlust \u00e9s v\u00e9delmet ny\u00fajt a hideg ellen. K\u00e9t cipz\u00e1ras zsebbel rendelkezik a funkcionalit\u00e1s \u00e9s a biztons\u00e1g \u00e9rdek\u00e9ben. A kab\u00e1t cipz\u00e1rral z\u00e1r\u00f3dik, alul pedig \u00f6vvel \u00e9s csattal \u00e1ll\u00edthat\u00f3, \u00edgy [&hellip;]<\/p>\n","protected":false},"featured_media":93969,"comment_status":"closed","ping_status":"closed","template":"","meta":{"_acf_changed":false,"om_disable_all_campaigns":false,"inline_featured_image":false,"_monsterinsights_skip_tracking":false,"_monsterinsights_sitenote_active":false,"_monsterinsights_sitenote_note":"","_monsterinsights_sitenote_category":0},"product_brand":[],"product_cat":[880,952,773,741],"product_tag":[],"class_list":{"0":"post-94610","1":"product","2":"type-product","3":"status-publish","4":"has-post-thumbnail","6":"product_cat-2024-2025-kollekcio","7":"product_cat-ferfi-es-noi-pehelypaplan-dzsekik-a-luxus-es-a-melegseg-vegso-kevereke","8":"product_cat-noi-shearling-dzsekik","9":"product_cat-nok","11":"first","12":"instock","13":"taxable","14":"shipping-taxable","15":"purchasable","16":"product-type-variable","17":"has-default-attributes","18":"wvs-archive-product-wrapper"},"acf":{"categorie_feed":""},"aioseo_notices":[],"_links":{"self":[{"href":"https:\/\/aavesa.com\/hu\/wp-json\/wp\/v2\/product\/94610","targetHints":{"allow":["GET"]}}],"collection":[{"href":"https:\/\/aavesa.com\/hu\/wp-json\/wp\/v2\/product"}],"about":[{"href":"https:\/\/aavesa.com\/hu\/wp-json\/wp\/v2\/types\/product"}],"replies":[{"embeddable":true,"href":"https:\/\/aavesa.com\/hu\/wp-json\/wp\/v2\/comments?post=94610"}],"wp:featuredmedia":[{"embeddable":true,"href":"https:\/\/aavesa.com\/hu\/wp-json\/wp\/v2\/media\/93969"}],"wp:attachment":[{"href":"https:\/\/aavesa.com\/hu\/wp-json\/wp\/v2\/media?parent=94610"}],"wp:term":[{"taxonomy":"product_brand","embeddable":true,"href":"https:\/\/aavesa.com\/hu\/wp-json\/wp\/v2\/product_brand?post=94610"},{"taxonomy":"product_cat","embeddable":true,"href":"https:\/\/aavesa.com\/hu\/wp-json\/wp\/v2\/product_cat?post=94610"},{"taxonomy":"product_tag","embeddable":true,"href":"https:\/\/aavesa.com\/hu\/wp-json\/wp\/v2\/product_tag?post=94610"}],"curies":[{"name":"wp","href":"https:\/\/api.w.org\/{rel}","templated":true}]}}

Birkagyapjú Bomber Dzseki 2086

<p>Ez a meleg barna árnyalatú, fehér szőrmével díszített bomberkabát ideális a hideg téli napokra. A modern és funkcionális kialakítású kabát két csattal ellátott gallérral rendelkezik, amely extra stílust és védelmet nyújt a hideg ellen. Két cipzáras zsebbel rendelkezik a funkcionalitás és a biztonság érdekében. A kabát cipzárral záródik, alul pedig övvel és csattal állítható, így biztosítva a tökéletes illeszkedést. A hideg évszak nélkülözhetetlen darabja, amely meleget és kifinomultságot kölcsönöz minden öltözéknek.     A dzseki barna színben kapható. Modellünk 174 cm magas, 36-os méretet visel, a termék hossza pedig 53 cm.</p>

<p>Ez a meleg barna árnyalatú, fehér szőrmével díszített bomberkabát ideális a hideg téli napokra. A modern és funkcionális kialakítású kabát két csattal ellátott gallérral rendelkezik, amely extra stílust és védelmet nyújt a hideg ellen. Két cipzáras zsebbel rendelkezik a funkcionalitás és a biztonság érdekében. A kabát cipzárral záródik, alul pedig övvel és csattal állítható, így [&hellip;]</p>
