

{"id":97996,"date":"2025-09-27T06:01:18","date_gmt":"2025-09-27T06:01:18","guid":{"rendered":"https:\/\/aavesa.com\/product\/steppelt-melleny-bundaval-es-meleg-kapucnival-479-s\/"},"modified":"2025-09-27T06:01:18","modified_gmt":"2025-09-27T06:01:18","slug":"steppelt-melleny-bundaval-es-meleg-kapucnival-479-s","status":"publish","type":"product","link":"https:\/\/aavesa.com\/hu\/product\/steppelt-melleny-bundaval-es-meleg-kapucnival-479-s\/","title":{"rendered":"Steppelt mell\u00e9ny bund\u00e1val \u00e9s meleg kapucnival 479 S"},"content":{"rendered":"<p data-start=\"76\" data-end=\"450\">Ez a mell\u00e9ny \u00fajradefini\u00e1lja a k\u00e9nyelem \u00e9s a st\u00edlus fogalm\u00e1t a hideg \u00e9vszakban. A puha \u00e9s f\u00e9ny\u0171z\u0151 term\u00e9szetes nercbund\u00e1b\u00f3l k\u00e9sz\u00fclt el\u00fcls\u0151 r\u00e9szt harmonikusan eg\u00e9sz\u00edti ki a steppelt h\u00e1toldal &#8211; k\u00f6nny\u0171, m\u00e9gis meleg -, amely mozg\u00e1sszabads\u00e1got \u00e9s modern megjelen\u00e9st biztos\u00edt. Az olajz\u00f6ld sz\u00edn kifinomult, k\u00f6nnyen \u00f6sszeilleszthet\u0151 jelleget k\u00f6lcs\u00f6n\u00f6z, m\u00edg a nagyvonal\u00fa kapucni extra v\u00e9delmet ny\u00fajt a h\u0171v\u00f6s napokon.  <\/p>\n<p data-start=\"452\" data-end=\"700\">Az egyenes szab\u00e1s \u00e9s a karcs\u00fa, ujjatlan kialak\u00edt\u00e1s rendk\u00edv\u00fcl sokoldal\u00fa darab, amely ide\u00e1lis alkalmi ruh\u00e1khoz \u00e9s eleg\u00e1ns nappali megjelen\u00e9sekhez egyar\u00e1nt. Inspir\u00e1l\u00f3 v\u00e1laszt\u00e1s azon n\u0151k sz\u00e1m\u00e1ra, akik a kifinomults\u00e1got keresik an\u00e9lk\u00fcl, hogy kompromisszumot k\u00f6tn\u00e9nek a h\u0151komfort ter\u00e9n. <\/p>\n<p>A term\u00e9k r\u00e9szletei<\/p>\n<ul>\n<li data-start=\"702\" data-end=\"1051\">El\u0151lapja ultra-puha term\u00e9szetes ny\u00e9rc sz\u0151rm\u00e9b\u0151l k\u00e9sz\u00fclt<\/li>\n<li data-start=\"702\" data-end=\"1051\">Steppelt h\u00e1tlap v\u00edz\u00e1ll\u00f3 anyagb\u00f3l k\u00e9sz\u00fclt<\/li>\n<li data-start=\"702\" data-end=\"1051\">Sz\u0151rme kapucni a tov\u00e1bbi v\u00e9delem\u00e9rt<\/li>\n<li data-start=\"702\" data-end=\"1051\">El\u00fcls\u0151 z\u00e1r\u00f3d\u00e1s f\u00e9m cipz\u00e1rral<\/li>\n<li data-start=\"702\" data-end=\"1051\">K\u00e9nyelmes oldalzsebek<\/li>\n<li data-start=\"702\" data-end=\"1051\">Egyenes szab\u00e1s, ujjatlan kivitel<\/li>\n<li data-start=\"702\" data-end=\"1051\">Sz\u00edn: olajz\u00f6ld<\/li>\n<li data-start=\"702\" data-end=\"1051\">Nagyon meleg \u00e9s kellemes viselet<\/li>\n<li data-start=\"702\" data-end=\"1051\">Hossz: 52 cm<\/li>\n<li data-start=\"702\" data-end=\"1051\">Modell\u00fcnk 175 cm magas \u00e9s 36-os m\u00e9retet visel.<\/li>\n<\/ul>\n","protected":false},"excerpt":{"rendered":"<p>Ez a mell\u00e9ny \u00fajradefini\u00e1lja a k\u00e9nyelem \u00e9s a st\u00edlus fogalm\u00e1t a hideg \u00e9vszakban. A puha \u00e9s f\u00e9ny\u0171z\u0151 term\u00e9szetes nercbund\u00e1b\u00f3l k\u00e9sz\u00fclt el\u00fcls\u0151 r\u00e9szt harmonikusan eg\u00e9sz\u00edti ki a steppelt h\u00e1toldal &#8211; k\u00f6nny\u0171, m\u00e9gis meleg -, amely mozg\u00e1sszabads\u00e1got \u00e9s modern megjelen\u00e9st biztos\u00edt. Az olajz\u00f6ld sz\u00edn kifinomult, k\u00f6nnyen \u00f6sszeilleszthet\u0151 jelleget k\u00f6lcs\u00f6n\u00f6z, m\u00edg a nagyvonal\u00fa kapucni extra v\u00e9delmet ny\u00fajt a [&hellip;]<\/p>\n","protected":false},"featured_media":97459,"comment_status":"closed","ping_status":"closed","template":"","meta":{"_acf_changed":false,"om_disable_all_campaigns":false,"inline_featured_image":false,"_monsterinsights_skip_tracking":false,"_monsterinsights_sitenote_active":false,"_monsterinsights_sitenote_note":"","_monsterinsights_sitenote_category":0},"product_brand":[],"product_cat":[918,769,741,793],"product_tag":[],"class_list":{"0":"post-97996","1":"product","2":"type-product","3":"status-publish","4":"has-post-thumbnail","6":"product_cat-2025-2026-kollekcio-autentikus-elegancia-szormeben-es-termeszetes-borben","7":"product_cat-nerc-szorme","8":"product_cat-nok","9":"product_cat-shearling-mellenyek-es-bundas-mellenyek-noknek","11":"first","12":"instock","13":"taxable","14":"shipping-taxable","15":"purchasable","16":"product-type-variable","17":"has-default-attributes","18":"wvs-archive-product-wrapper"},"acf":{"categorie_feed":""},"aioseo_notices":[],"_links":{"self":[{"href":"https:\/\/aavesa.com\/hu\/wp-json\/wp\/v2\/product\/97996","targetHints":{"allow":["GET"]}}],"collection":[{"href":"https:\/\/aavesa.com\/hu\/wp-json\/wp\/v2\/product"}],"about":[{"href":"https:\/\/aavesa.com\/hu\/wp-json\/wp\/v2\/types\/product"}],"replies":[{"embeddable":true,"href":"https:\/\/aavesa.com\/hu\/wp-json\/wp\/v2\/comments?post=97996"}],"wp:featuredmedia":[{"embeddable":true,"href":"https:\/\/aavesa.com\/hu\/wp-json\/wp\/v2\/media\/97459"}],"wp:attachment":[{"href":"https:\/\/aavesa.com\/hu\/wp-json\/wp\/v2\/media?parent=97996"}],"wp:term":[{"taxonomy":"product_brand","embeddable":true,"href":"https:\/\/aavesa.com\/hu\/wp-json\/wp\/v2\/product_brand?post=97996"},{"taxonomy":"product_cat","embeddable":true,"href":"https:\/\/aavesa.com\/hu\/wp-json\/wp\/v2\/product_cat?post=97996"},{"taxonomy":"product_tag","embeddable":true,"href":"https:\/\/aavesa.com\/hu\/wp-json\/wp\/v2\/product_tag?post=97996"}],"curies":[{"name":"wp","href":"https:\/\/api.w.org\/{rel}","templated":true}]}}

Steppelt mellény bundával és meleg kapucnival 479 S

<p data-start="76" data-end="450">Ez a mellény újradefiniálja a kényelem és a stílus fogalmát a hideg évszakban. A puha és fényűző természetes nercbundából készült elülső részt harmonikusan egészíti ki a steppelt hátoldal &#8211; könnyű, mégis meleg -, amely mozgásszabadságot és modern megjelenést biztosít. Az olajzöld szín kifinomult, könnyen összeilleszthető jelleget kölcsönöz, míg a nagyvonalú kapucni extra védelmet nyújt a hűvös napokon.  </p>
<p data-start="452" data-end="700">Az egyenes szabás és a karcsú, ujjatlan kialakítás rendkívül sokoldalú darab, amely ideális alkalmi ruhákhoz és elegáns nappali megjelenésekhez egyaránt. Inspiráló választás azon nők számára, akik a kifinomultságot keresik anélkül, hogy kompromisszumot kötnének a hőkomfort terén. </p>
<p>A termék részletei</p>
<ul>
<li data-start="702" data-end="1051">Előlapja ultra-puha természetes nyérc szőrméből készült</li>
<li data-start="702" data-end="1051">Steppelt hátlap vízálló anyagból készült</li>
<li data-start="702" data-end="1051">Szőrme kapucni a további védelemért</li>
<li data-start="702" data-end="1051">Elülső záródás fém cipzárral</li>
<li data-start="702" data-end="1051">Kényelmes oldalzsebek</li>
<li data-start="702" data-end="1051">Egyenes szabás, ujjatlan kivitel</li>
<li data-start="702" data-end="1051">Szín: olajzöld</li>
<li data-start="702" data-end="1051">Nagyon meleg és kellemes viselet</li>
<li data-start="702" data-end="1051">Hossz: 52 cm</li>
<li data-start="702" data-end="1051">Modellünk 175 cm magas és 36-os méretet visel.</li>
</ul>

<p>Ez a mellény újradefiniálja a kényelem és a stílus fogalmát a hideg évszakban. A puha és fényűző természetes nercbundából készült elülső részt harmonikusan egészíti ki a steppelt hátoldal &#8211; könnyű, mégis meleg -, amely mozgásszabadságot és modern megjelenést biztosít. Az olajzöld szín kifinomult, könnyen összeilleszthető jelleget kölcsönöz, míg a nagyvonalú kapucni extra védelmet nyújt a [&hellip;]</p>
