

{"id":98088,"date":"2025-09-24T18:35:19","date_gmt":"2025-09-24T18:35:19","guid":{"rendered":"https:\/\/aavesa.com\/product\/rovid-juhaszmelleny-478\/"},"modified":"2025-09-24T18:35:19","modified_gmt":"2025-09-24T18:35:19","slug":"rovid-juhaszmelleny-478","status":"publish","type":"product","link":"https:\/\/aavesa.com\/hu\/product\/rovid-juhaszmelleny-478\/","title":{"rendered":"R\u00f6vid juh\u00e1szmell\u00e9ny 478"},"content":{"rendered":"<p class=\"\" data-start=\"242\" data-end=\"478\">Ez a <strong data-start=\"247\" data-end=\"289\">val\u00f3di ny\u00edrbund\u00e1b\u00f3l k\u00e9sz\u00fclt r\u00f6vid mell\u00e9ny<\/strong> modern diz\u00e1jnj\u00e1val \u00e9s h\u00edzelg\u0151, n\u0151ies szab\u00e1s\u00e1val t\u0171nik ki. A sokoldal\u00fa ruhat\u00e1r alapdarabja, amely k\u00f6nnyed\u00e9n viselhet\u0151 a legk\u00fcl\u00f6nb\u00f6z\u0151bb alkalmakra &#8211; az alkalmi kir\u00e1ndul\u00e1sokt\u00f3l az eleg\u00e1ns esem\u00e9nyekig. <\/p>\n<p class=\"\" data-start=\"480\" data-end=\"717\">Puha text\u00far\u00e1j\u00e1nak \u00e9s pr\u00e9mium kivitelez\u00e9s\u00e9nek k\u00f6sz\u00f6nhet\u0151en ez a mell\u00e9ny melegs\u00e9get \u00e9s kifinomults\u00e1got k\u00f6lcs\u00f6n\u00f6z b\u00e1rmelyik \u00f6lt\u00f6z\u00e9knek. Ak\u00e1r egy pul\u00f3ver f\u00f6l\u00e9 r\u00e9tegezve, ak\u00e1r egy eleg\u00e1ns bl\u00fazzal p\u00e1ros\u00edtva, olyan kifinomult, m\u00e9gis laza megjelen\u00e9st biztos\u00edt, amely minden \u00e9vszakhoz illik. <\/p>\n<p class=\"\" data-start=\"719\" data-end=\"925\">A kifinomult egyszer\u0171s\u00e9get \u00e9s a kiv\u00e1l\u00f3 min\u0151s\u00e9g\u0171 anyagokat \u00e9rt\u00e9kel\u0151 n\u0151k sz\u00e1m\u00e1ra tervezett darab k\u00f6nnyed\u00e9n emeli a mindennapi st\u00edlusodat. A mell\u00e9ny teljes hossza 40 cm, \u00edgy t\u00f6k\u00e9letes a sikkes r\u00e9tegez\u00e9shez. <\/p>\n<ul data-start=\"927\" data-end=\"1110\">\n<li class=\"\" data-start=\"927\" data-end=\"958\">\n<p class=\"\" data-start=\"929\" data-end=\"958\">Val\u00f3di juh\u00e1szb\u0151rb\u0151l k\u00e9sz\u00fclt<\/p>\n<\/li>\n<li class=\"\" data-start=\"959\" data-end=\"991\">\n<p class=\"\" data-start=\"961\" data-end=\"991\">N\u0151ies, kiv\u00e1gott sziluett<\/p>\n<\/li>\n<li class=\"\" data-start=\"992\" data-end=\"1023\">\n<p class=\"\" data-start=\"994\" data-end=\"1023\">Sokoldal\u00fa \u00e9s k\u00f6nnyen alak\u00edthat\u00f3<\/p>\n<\/li>\n<li class=\"\" data-start=\"1024\" data-end=\"1055\">\n<p class=\"\" data-start=\"1026\" data-end=\"1055\">Puha, k\u00f6nny\u0171 \u00e9s meleg<\/p>\n<\/li>\n<li class=\"\" data-start=\"1056\" data-end=\"1073\">\n<p class=\"\" data-start=\"1058\" data-end=\"1073\">Hossz: 40 cm<\/p>\n<\/li>\n<li class=\"\" data-start=\"1074\" data-end=\"1110\">\n<p class=\"\" data-start=\"1076\" data-end=\"1110\">Ide\u00e1lis alkalmi vagy eleg\u00e1ns \u00f6lt\u00f6z\u00e9kekhez<\/p>\n<\/li>\n<li data-start=\"1074\" data-end=\"1110\">Modell\u00fcnk 175 cm magas \u00e9s 36-os m\u00e9retet visel.<\/li>\n<\/ul>\n","protected":false},"excerpt":{"rendered":"<p>Ez a val\u00f3di ny\u00edrbund\u00e1b\u00f3l k\u00e9sz\u00fclt r\u00f6vid mell\u00e9ny modern diz\u00e1jnj\u00e1val \u00e9s h\u00edzelg\u0151, n\u0151ies szab\u00e1s\u00e1val t\u0171nik ki. A sokoldal\u00fa ruhat\u00e1r alapdarabja, amely k\u00f6nnyed\u00e9n viselhet\u0151 a legk\u00fcl\u00f6nb\u00f6z\u0151bb alkalmakra &#8211; az alkalmi kir\u00e1ndul\u00e1sokt\u00f3l az eleg\u00e1ns esem\u00e9nyekig. Puha text\u00far\u00e1j\u00e1nak \u00e9s pr\u00e9mium kivitelez\u00e9s\u00e9nek k\u00f6sz\u00f6nhet\u0151en ez a mell\u00e9ny melegs\u00e9get \u00e9s kifinomults\u00e1got k\u00f6lcs\u00f6n\u00f6z b\u00e1rmelyik \u00f6lt\u00f6z\u00e9knek. Ak\u00e1r egy pul\u00f3ver f\u00f6l\u00e9 r\u00e9tegezve, ak\u00e1r egy eleg\u00e1ns [&hellip;]<\/p>\n","protected":false},"featured_media":97202,"comment_status":"closed","ping_status":"closed","template":"","meta":{"_acf_changed":false,"om_disable_all_campaigns":false,"inline_featured_image":false,"_monsterinsights_skip_tracking":false,"_monsterinsights_sitenote_active":false,"_monsterinsights_sitenote_note":"","_monsterinsights_sitenote_category":0},"product_brand":[],"product_cat":[918,784,741,793],"product_tag":[],"class_list":{"0":"post-98088","1":"product","2":"type-product","3":"status-publish","4":"has-post-thumbnail","6":"product_cat-2025-2026-kollekcio-autentikus-elegancia-szormeben-es-termeszetes-borben","7":"product_cat-baranybor","8":"product_cat-nok","9":"product_cat-shearling-mellenyek-es-bundas-mellenyek-noknek","11":"first","12":"instock","13":"taxable","14":"shipping-taxable","15":"purchasable","16":"product-type-variable","17":"has-default-attributes","18":"wvs-archive-product-wrapper"},"acf":{"categorie_feed":""},"aioseo_notices":[],"_links":{"self":[{"href":"https:\/\/aavesa.com\/hu\/wp-json\/wp\/v2\/product\/98088","targetHints":{"allow":["GET"]}}],"collection":[{"href":"https:\/\/aavesa.com\/hu\/wp-json\/wp\/v2\/product"}],"about":[{"href":"https:\/\/aavesa.com\/hu\/wp-json\/wp\/v2\/types\/product"}],"replies":[{"embeddable":true,"href":"https:\/\/aavesa.com\/hu\/wp-json\/wp\/v2\/comments?post=98088"}],"wp:featuredmedia":[{"embeddable":true,"href":"https:\/\/aavesa.com\/hu\/wp-json\/wp\/v2\/media\/97202"}],"wp:attachment":[{"href":"https:\/\/aavesa.com\/hu\/wp-json\/wp\/v2\/media?parent=98088"}],"wp:term":[{"taxonomy":"product_brand","embeddable":true,"href":"https:\/\/aavesa.com\/hu\/wp-json\/wp\/v2\/product_brand?post=98088"},{"taxonomy":"product_cat","embeddable":true,"href":"https:\/\/aavesa.com\/hu\/wp-json\/wp\/v2\/product_cat?post=98088"},{"taxonomy":"product_tag","embeddable":true,"href":"https:\/\/aavesa.com\/hu\/wp-json\/wp\/v2\/product_tag?post=98088"}],"curies":[{"name":"wp","href":"https:\/\/api.w.org\/{rel}","templated":true}]}}

Rövid juhászmellény 478

<p class="" data-start="242" data-end="478">Ez a <strong data-start="247" data-end="289">valódi nyírbundából készült rövid mellény</strong> modern dizájnjával és hízelgő, nőies szabásával tűnik ki. A sokoldalú ruhatár alapdarabja, amely könnyedén viselhető a legkülönbözőbb alkalmakra &#8211; az alkalmi kirándulásoktól az elegáns eseményekig. </p>
<p class="" data-start="480" data-end="717">Puha textúrájának és prémium kivitelezésének köszönhetően ez a mellény melegséget és kifinomultságot kölcsönöz bármelyik öltözéknek. Akár egy pulóver fölé rétegezve, akár egy elegáns blúzzal párosítva, olyan kifinomult, mégis laza megjelenést biztosít, amely minden évszakhoz illik. </p>
<p class="" data-start="719" data-end="925">A kifinomult egyszerűséget és a kiváló minőségű anyagokat értékelő nők számára tervezett darab könnyedén emeli a mindennapi stílusodat. A mellény teljes hossza 40 cm, így tökéletes a sikkes rétegezéshez. </p>
<ul data-start="927" data-end="1110">
<li class="" data-start="927" data-end="958">
<p class="" data-start="929" data-end="958">Valódi juhászbőrből készült</p>
</li>
<li class="" data-start="959" data-end="991">
<p class="" data-start="961" data-end="991">Nőies, kivágott sziluett</p>
</li>
<li class="" data-start="992" data-end="1023">
<p class="" data-start="994" data-end="1023">Sokoldalú és könnyen alakítható</p>
</li>
<li class="" data-start="1024" data-end="1055">
<p class="" data-start="1026" data-end="1055">Puha, könnyű és meleg</p>
</li>
<li class="" data-start="1056" data-end="1073">
<p class="" data-start="1058" data-end="1073">Hossz: 40 cm</p>
</li>
<li class="" data-start="1074" data-end="1110">
<p class="" data-start="1076" data-end="1110">Ideális alkalmi vagy elegáns öltözékekhez</p>
</li>
<li data-start="1074" data-end="1110">Modellünk 175 cm magas és 36-os méretet visel.</li>
</ul>

<p>Ez a valódi nyírbundából készült rövid mellény modern dizájnjával és hízelgő, nőies szabásával tűnik ki. A sokoldalú ruhatár alapdarabja, amely könnyedén viselhető a legkülönbözőbb alkalmakra &#8211; az alkalmi kirándulásoktól az elegáns eseményekig. Puha textúrájának és prémium kivitelezésének köszönhetően ez a mellény melegséget és kifinomultságot kölcsönöz bármelyik öltözéknek. Akár egy pulóver fölé rétegezve, akár egy elegáns [&hellip;]</p>
